{"id":76,"date":"2020-02-24T22:11:14","date_gmt":"2020-02-24T22:11:14","guid":{"rendered":"http:\/\/www.deixalles81.cat\/?page_id=76"},"modified":"2020-03-31T17:57:48","modified_gmt":"2020-03-31T17:57:48","slug":"la-reina-de-la-bellesa-de-leenane","status":"publish","type":"page","link":"https:\/\/www.deixalles81.cat\/index.php\/la-reina-de-la-bellesa-de-leenane\/","title":{"rendered":"&#8220;La reina de la bellesa de Leenane&#8221;"},"content":{"rendered":"\n<h4 class=\"has-text-align-right wp-block-heading\">de MARTIN McDONAGH<\/h4>\n\n\n\n<p class=\"has-large-font-size\"><strong>SINOPSI:<\/strong><\/p>\n\n\n\n<p>Irlanda, anys 80, a una casa pr\u00e0cticament a\u00efllada, mal conviuen una mare gran, malalta i dependent, i la seva filla de mitjana edat. La irrupci\u00f3 d\u2019un home i el germ\u00e0 d\u2019aquest en les seves vides les portar\u00e0 a una situaci\u00f3 l\u00edmit que deixar\u00e0 al descobert fins a quin punt arriba el deterior de la relaci\u00f3 entre elles dues i la manca d\u2019horitzons de les seves vides.<\/p>\n\n\n\n<p class=\"has-large-font-size\"><strong>REPARTIMENT:<\/strong><\/p>\n\n\n\n<p>Maureen Folan &#8212;&#8212;&#8212;&#8212;&#8211; Mar\u00eda Colom<br>\nMag Folan &#8212;&#8212;&#8212;&#8212;&#8211; Judit Serra <br>\nPatrick Dooley &#8212;&#8212;&#8212;&#8212;&#8211; Albert Elias<br>\nRay Dooley &#8212;&#8212;&#8212;&#8212;&#8211; Pol Pueyo<\/p>\n\n\n\n<p class=\"has-large-font-size\"><strong>FITXA T\u00c8CNICA:<\/strong><\/p>\n\n\n\n<p>Escenografia: Deixalles 81<br>\nTramoies: Climent Codina, Francesc Ventura, Pepe D\u00edaz, Manel Abengozar<br>\nVestuari: Albert Elias<br>\nIl\u00b7luminaci\u00f3 i so: Josep Canet, Queralt D\u00edaz<br>\nMaquillatge i perruqueria: N\u00faria Cos, Montse Permanyer<br>\nDirecci\u00f3: Josep Canet<\/p>\n\n\n\n<p class=\"has-large-font-size\"><strong>L&#8217;OBRA:<\/strong><\/p>\n\n\n\n<p>Un dia un text et cau a les mans i t\u2019atrapa. Aix\u00f2 \u00e9s el que ens va passar amb \u201cLa reina de la bellesa de Leenane\u201d. El vam llegir, i ens va atrapar. La for\u00e7a, la ironia la brutalitat i la crueltat a la que pot arribar una relaci\u00f3 viciada pels anys de rutina. Pocs vincles hi ha com el de una mare i una filla, per\u00f2 com totes les relacions pot caure en l\u2019abisme de l\u2019odi: l\u2019instint de possessi\u00f3, les ganes de torturar-se m\u00fatuament, el tedi\u2026 Una casa pot esdevenir una pres\u00f3, una mare: una carcellera; una filla: una torturadora. Els anys, la rutina, les mateixes cares, les mateixes frases punyents, una i una altre vegada. Fins que un dia la tornada d\u2019una vella il\u00b7lusi\u00f3 acaba amb tot. I finalment, esclata tot, la r\u00e0bia continguda, l\u2019instin de superviv\u00e8ncia, la possessi\u00f3 malaltissa, les \u00e0nsies de llibertat. I les conseq\u00fc\u00e8ncies s\u00f3n terribles.<\/p>\n","protected":false},"excerpt":{"rendered":"<p>de MARTIN McDONAGH SINOPSI: Irlanda, anys 80, a una casa pr\u00e0cticament a\u00efllada, mal conviuen una mare gran, malalta i dependent, i la seva filla de mitjana edat. La irrupci\u00f3 d\u2019un home i el germ\u00e0 d\u2019aquest en les seves vides les portar\u00e0 a una situaci\u00f3 l\u00edmit que deixar\u00e0 al descobert fins [&hellip;]<\/p>\n","protected":false},"author":2,"featured_media":0,"parent":0,"menu_order":0,"comment_status":"closed","ping_status":"closed","template":"","meta":{"footnotes":""},"class_list":["post-76","page","type-page","status-publish","hentry"],"_links":{"self":[{"href":"https:\/\/www.deixalles81.cat\/index.php\/wp-json\/wp\/v2\/pages\/76","targetHints":{"allow":["GET"]}}],"collection":[{"href":"https:\/\/www.deixalles81.cat\/index.php\/wp-json\/wp\/v2\/pages"}],"about":[{"href":"https:\/\/www.deixalles81.cat\/index.php\/wp-json\/wp\/v2\/types\/page"}],"author":[{"embeddable":true,"href":"https:\/\/www.deixalles81.cat\/index.php\/wp-json\/wp\/v2\/users\/2"}],"replies":[{"embeddable":true,"href":"https:\/\/www.deixalles81.cat\/index.php\/wp-json\/wp\/v2\/comments?post=76"}],"version-history":[{"count":2,"href":"https:\/\/www.deixalles81.cat\/index.php\/wp-json\/wp\/v2\/pages\/76\/revisions"}],"predecessor-version":[{"id":413,"href":"https:\/\/www.deixalles81.cat\/index.php\/wp-json\/wp\/v2\/pages\/76\/revisions\/413"}],"wp:attachment":[{"href":"https:\/\/www.deixalles81.cat\/index.php\/wp-json\/wp\/v2\/media?parent=76"}],"curies":[{"name":"wp","href":"https:\/\/api.w.org\/{rel}","templated":true}]}}

<h4 class="has-text-align-right wp-block-heading">de MARTIN McDONAGH</h4>



<p class="has-large-font-size"><strong>SINOPSI:</strong></p>



<p>Irlanda, anys 80, a una casa pràcticament aïllada, mal conviuen una mare gran, malalta i dependent, i la seva filla de mitjana edat. La irrupció d’un home i el germà d’aquest en les seves vides les portarà a una situació límit que deixarà al descobert fins a quin punt arriba el deterior de la relació entre elles dues i la manca d’horitzons de les seves vides.</p>



<p class="has-large-font-size"><strong>REPARTIMENT:</strong></p>



<p>Maureen Folan &#8212;&#8212;&#8212;&#8212;&#8211; María Colom<br>
Mag Folan &#8212;&#8212;&#8212;&#8212;&#8211; Judit Serra <br>
Patrick Dooley &#8212;&#8212;&#8212;&#8212;&#8211; Albert Elias<br>
Ray Dooley &#8212;&#8212;&#8212;&#8212;&#8211; Pol Pueyo</p>



<p class="has-large-font-size"><strong>FITXA TÈCNICA:</strong></p>



<p>Escenografia: Deixalles 81<br>
Tramoies: Climent Codina, Francesc Ventura, Pepe Díaz, Manel Abengozar<br>
Vestuari: Albert Elias<br>
Il·luminació i so: Josep Canet, Queralt Díaz<br>
Maquillatge i perruqueria: Núria Cos, Montse Permanyer<br>
Direcció: Josep Canet</p>



<p class="has-large-font-size"><strong>L&#8217;OBRA:</strong></p>



<p>Un dia un text et cau a les mans i t’atrapa. Això és el que ens va passar amb “La reina de la bellesa de Leenane”. El vam llegir, i ens va atrapar. La força, la ironia la brutalitat i la crueltat a la que pot arribar una relació viciada pels anys de rutina. Pocs vincles hi ha com el de una mare i una filla, però com totes les relacions pot caure en l’abisme de l’odi: l’instint de possessió, les ganes de torturar-se mútuament, el tedi… Una casa pot esdevenir una presó, una mare: una carcellera; una filla: una torturadora. Els anys, la rutina, les mateixes cares, les mateixes frases punyents, una i una altre vegada. Fins que un dia la tornada d’una vella il·lusió acaba amb tot. I finalment, esclata tot, la ràbia continguda, l’instin de supervivència, la possessió malaltissa, les ànsies de llibertat. I les conseqüències són terribles.</p>

<p>de MARTIN McDONAGH SINOPSI: Irlanda, anys 80, a una casa pràcticament aïllada, mal conviuen una mare gran, malalta i dependent, i la seva filla de mitjana edat. La irrupció d’un home i el germà d’aquest en les seves vides les portarà a una situació límit que deixarà al descobert fins [&hellip;]</p>
